{"id":24,"date":"2015-08-09T12:32:05","date_gmt":"2015-08-09T12:32:05","guid":{"rendered":"http:\/\/vu2447.admin.webhold.hu\/?page_id=24"},"modified":"2024-03-05T07:30:01","modified_gmt":"2024-03-05T07:30:01","slug":"oktatas","status":"publish","type":"page","link":"\/?page_id=24","title":{"rendered":"Oktat\u00e1s"},"content":{"rendered":"<p>Csenget\u00e9si rend <a href=\"\/?page_id=46\"><img loading=\"lazy\" decoding=\"async\" class=\"alignright wp-image-175 size-full\" src=\"\/wp-content\/uploads\/2013\/08\/gomb.png\" alt=\"gomb\" width=\"152\" height=\"27\" srcset=\"\/wp-content\/uploads\/2013\/08\/gomb.png 152w, \/wp-content\/uploads\/2013\/08\/gomb-150x27.png 150w\" sizes=\"auto, (max-width: 152px) 100vw, 152px\" \/><\/a><\/p>\n<hr \/>\n<p>Versenyeredm\u00e9nyek\u00a0<a href=\"https:\/\/mindszentiskola.hu\/?cat=43\"><img loading=\"lazy\" decoding=\"async\" class=\"alignright wp-image-175 size-full\" src=\"\/wp-content\/uploads\/2013\/08\/gomb.png\" alt=\"gomb\" width=\"152\" height=\"27\" srcset=\"\/wp-content\/uploads\/2013\/08\/gomb.png 152w, \/wp-content\/uploads\/2013\/08\/gomb-150x27.png 150w\" sizes=\"auto, (max-width: 152px) 100vw, 152px\" \/><\/a><\/p>\n<hr \/>\n<p>Di\u00e1k\u00f6nkorm\u00e1nyzat\u00a0<a href=\"\/wp-content\/uploads\/2015\/08\/A-di%C3%A1k%C3%B6nkorm%C3%A1nyzat-SZMSZ.pdf\"><img loading=\"lazy\" decoding=\"async\" class=\"alignright wp-image-175 size-full\" src=\"\/wp-content\/uploads\/2013\/08\/gomb.png\" alt=\"gomb\" width=\"152\" height=\"27\" srcset=\"\/wp-content\/uploads\/2013\/08\/gomb.png 152w, \/wp-content\/uploads\/2013\/08\/gomb-150x27.png 150w\" sizes=\"auto, (max-width: 152px) 100vw, 152px\" \/><\/a><\/p>\n<hr \/>\n<p>K\u00fcl\u00f6n\u00f6s k\u00f6zz\u00e9t\u00e9teli lista\u00a0<a href=\"\/?page_id=52\"><img loading=\"lazy\" decoding=\"async\" class=\"alignright wp-image-175 size-full\" src=\"\/wp-content\/uploads\/2013\/08\/gomb.png\" alt=\"gomb\" width=\"152\" height=\"27\" srcset=\"\/wp-content\/uploads\/2013\/08\/gomb.png 152w, \/wp-content\/uploads\/2013\/08\/gomb-150x27.png 150w\" sizes=\"auto, (max-width: 152px) 100vw, 152px\" \/><\/a><\/p>\n<hr \/>\n<p>Tanul\u00f3ink\u00a0<a href=\"\/?page_id=54\"><img loading=\"lazy\" decoding=\"async\" class=\"alignright wp-image-175 size-full\" src=\"\/wp-content\/uploads\/2013\/08\/gomb.png\" alt=\"gomb\" width=\"152\" height=\"27\" srcset=\"\/wp-content\/uploads\/2013\/08\/gomb.png 152w, \/wp-content\/uploads\/2013\/08\/gomb-150x27.png 150w\" sizes=\"auto, (max-width: 152px) 100vw, 152px\" \/><\/a><\/p>\n<hr \/>\n","protected":false},"excerpt":{"rendered":"<p>Csenget\u00e9si rend Versenyeredm\u00e9nyek\u00a0 Di\u00e1k\u00f6nkorm\u00e1nyzat\u00a0 K\u00fcl\u00f6n\u00f6s k\u00f6zz\u00e9t\u00e9teli lista\u00a0 Tanul\u00f3ink\u00a0<\/p>\n","protected":false},"author":1,"featured_media":0,"parent":0,"menu_order":0,"comment_status":"closed","ping_status":"closed","template":"sidebar-page.php","meta":{"footnotes":""},"class_list":["post-24","page","type-page","status-publish","hentry"],"_links":{"self":[{"href":"\/index.php?rest_route=\/wp\/v2\/pages\/24","targetHints":{"allow":["GET"]}}],"collection":[{"href":"\/index.php?rest_route=\/wp\/v2\/pages"}],"about":[{"href":"\/index.php?rest_route=\/wp\/v2\/types\/page"}],"author":[{"embeddable":true,"href":"\/index.php?rest_route=\/wp\/v2\/users\/1"}],"replies":[{"embeddable":true,"href":"\/index.php?rest_route=%2Fwp%2Fv2%2Fcomments&post=24"}],"version-history":[{"count":11,"href":"\/index.php?rest_route=\/wp\/v2\/pages\/24\/revisions"}],"predecessor-version":[{"id":4240,"href":"\/index.php?rest_route=\/wp\/v2\/pages\/24\/revisions\/4240"}],"wp:attachment":[{"href":"\/index.php?rest_route=%2Fwp%2Fv2%2Fmedia&parent=24"}],"curies":[{"name":"wp","href":"https:\/\/api.w.org\/{rel}","templated":true}]}}