{"id":2149,"date":"2017-10-28T19:33:34","date_gmt":"2017-10-28T19:33:34","guid":{"rendered":"http:\/\/mindszentiskola.hu\/?page_id=2149"},"modified":"2017-10-28T19:33:34","modified_gmt":"2017-10-28T19:33:34","slug":"ejszaka-az-iskolaban-2","status":"publish","type":"page","link":"\/?page_id=2149","title":{"rendered":"\u00c9jszaka az iskol\u00e1ban"},"content":{"rendered":"<ol start=\"2017\">\n<li>okt\u00f3ber 20-\u00e1n ker\u00fclt megrendez\u00e9sre a D\u00f3zsa &#8211; Telepi Tagint\u00e9zm\u00e9nyben az \u201e\u00c9jszaka az iskol\u00e1ban\u201d programunk.<\/li>\n<\/ol>\n<p style=\"text-align: justify;\">Ebben az \u00e9vben a Halloween jegy\u00e9ben szervezt\u00fck a feladatokat a k\u00f6zel 50 als\u00f3s di\u00e1kunknak. Kipr\u00f3b\u00e1lt\u00e1k a denev\u00e9rreptet\u00e9st, kark\u00f6t\u0151k k\u00e9sz\u00fcltek, m\u0171sebet is k\u00e9rhettek, csontv\u00e1zat \u00f6lt\u00f6ztettek, szellemlabirintuson \u00e1tverg\u0151dve m\u00e9g egy v\u00e1mp\u00edros t\u00f6kkeres\u00e9sbe is fogtak az este folyam\u00e1n. Boszork\u00e1nyokkal hangfelismer\u0151s j\u00e1t\u00e9kban vettek r\u00e9szt, \u00e9s egy igazi zombi kaja is v\u00e1rt r\u00e1juk, mint a p\u00f3kos b\u00e1tors\u00e1gpr\u00f3ba. Este a \u201ecsontr\u00e1z\u00e1st\u201d k\u00f6vet\u0151en kihirdett\u00fck a jelmezverseny\u00fcnk d\u00edjazottjait. Legsz\u00ednesebb: Szab\u00f3 Dominika (4. c), legr\u00e9miszt\u0151bb: Nagy D\u00f6me (1.c), legbar\u00e1ts\u00e1gosabb: Tak\u00e1cs Anna (3.a), legijeszt\u0151bb: Barn\u00f3czki Tibor (4.c), legszellemesebb: \u00c1rgyel\u00e1n Edina (3.c).<\/p>\n<p>Pizz\u00e1z\u00e1st k\u00f6vet\u0151en a tornacsarnokban mindenki \u00e1lomra hajtotta a fej\u00e9t, hogy reggel teli \u00e9lm\u00e9nyekkel v\u00e1rhassa a sz\u00fcleit.<\/p>\n<p>Gyermekek v\u00e9lem\u00e9nye az est\u00e9r\u0151l:<\/p>\n<p>&#8211; Minden \u00e1llom\u00e1son v\u00e1ltozatosak voltak a feladatok. (Roland)<\/p>\n<p>&#8211; Tetszett a szellemj\u00e1r\u00e1s, \u00e9s hogy sok\u00e1ig lehetett fent maradni az este. (\u00c1kos)<\/p>\n<p>&#8211; Eldugott t\u00f6k\u00f6k megkeres\u00e9se, \u00e9s a hozz\u00e1 tartoz\u00f3 feladatok megold\u00e1sa nagyon j\u00f3 volt. (Joc\u00f3)<\/p>\n<p>&#8211; Denev\u00e9rreptet\u00e9s volt a legjobb. (Bence)<\/p>\n<p>&#8211; Finom volt a zombi kaja. (Hunor)<\/p>\n<p>&#8211; Az eg\u00e9sz tetszett. (Z\u00e9t\u00e9ny)<\/p>\n<p>&#8211; Szuper volt, hogy a nagymatracon aludhattam. (Ol\u00edvia)<\/p>\n<p>&#8211; Boszis hangfelismer\u00e9sn\u00e9l \u00fcgyesek voltunk. (D\u00e1vid)<\/p>\n<p>&#8211; Szemgoly\u00f3kat kellett keresn\u00fcnk, az j\u00f3 volt. (Bence)<\/p>\n<p>&#8211; Igazi m\u0171seben volt. (Zal\u00e1n)<\/p>\n<p>&#8211; A vil\u00e1g legszuperebb est\u00e9je volt. (Ricsi)<\/p>\n<p>&#8211; Kiv\u00e1l\u00f3an \u00e9rezt\u00fck magunkat. (Brenda)<\/p>\n<p>K\u00f6sz\u00f6nj\u00fck mindazoknak, akik e sz\u00ednes program megval\u00f3sul\u00e1s\u00e1t seg\u00edtett\u00e9k!<\/p>\n<p>Szecsk\u00f3 D\u00f3ra<\/p>\n\n\t\t<style type=\"text\/css\">\n\t\t\t#gallery-1 {\n\t\t\t\tmargin: auto;\n\t\t\t}\n\t\t\t#gallery-1 .gallery-item {\n\t\t\t\tfloat: left;\n\t\t\t\tmargin-top: 10px;\n\t\t\t\ttext-align: center;\n\t\t\t\twidth: 25%;\n\t\t\t}\n\t\t\t#gallery-1 img {\n\t\t\t\tborder: 2px solid #cfcfcf;\n\t\t\t}\n\t\t\t#gallery-1 .gallery-caption {\n\t\t\t\tmargin-left: 0;\n\t\t\t}\n\t\t\t\/* see gallery_shortcode() in wp-includes\/media.php *\/\n\t\t<\/style>\n\t\t<div id='gallery-1' class='gallery galleryid-2149 gallery-columns-4 gallery-size-thumbnail'><dl class='gallery-item'>\n\t\t\t<dt class='gallery-icon landscape'>\n\t\t\t\t<a href='\/?attachment_id=2219'><img loading=\"lazy\" decoding=\"async\" width=\"150\" height=\"150\" src=\"\/wp-content\/uploads\/2017\/10\/22710041_1414628041966252_1129228953_n1-150x150.jpg\" class=\"attachment-thumbnail size-thumbnail\" alt=\"\" \/><\/a>\n\t\t\t<\/dt><\/dl><dl class='gallery-item'>\n\t\t\t<dt class='gallery-icon landscape'>\n\t\t\t\t<a href='\/?attachment_id=2220'><img loading=\"lazy\" decoding=\"async\" width=\"150\" height=\"150\" src=\"\/wp-content\/uploads\/2017\/10\/22710089_1352454128214840_418554497_n1-150x150.jpg\" class=\"attachment-thumbnail size-thumbnail\" alt=\"\" \/><\/a>\n\t\t\t<\/dt><\/dl><dl class='gallery-item'>\n\t\t\t<dt class='gallery-icon landscape'>\n\t\t\t\t<a href='\/?attachment_id=2221'><img loading=\"lazy\" decoding=\"async\" width=\"150\" height=\"150\" src=\"\/wp-content\/uploads\/2017\/10\/22711376_1414628051966251_1463971917_n1-150x150.jpg\" class=\"attachment-thumbnail size-thumbnail\" alt=\"\" \/><\/a>\n\t\t\t<\/dt><\/dl><dl class='gallery-item'>\n\t\t\t<dt class='gallery-icon landscape'>\n\t\t\t\t<a href='\/?attachment_id=2222'><img loading=\"lazy\" decoding=\"async\" width=\"150\" height=\"150\" src=\"\/wp-content\/uploads\/2017\/10\/22711387_1352453591548227_1254510115_n1-150x150.jpg\" class=\"attachment-thumbnail size-thumbnail\" alt=\"\" \/><\/a>\n\t\t\t<\/dt><\/dl><br style=\"clear: both\" \/><dl class='gallery-item'>\n\t\t\t<dt class='gallery-icon landscape'>\n\t\t\t\t<a href='\/?attachment_id=2223'><img loading=\"lazy\" decoding=\"async\" width=\"150\" height=\"150\" src=\"\/wp-content\/uploads\/2017\/10\/22711396_1352453988214854_1415130900_n1-150x150.jpg\" class=\"attachment-thumbnail size-thumbnail\" alt=\"\" \/><\/a>\n\t\t\t<\/dt><\/dl><dl class='gallery-item'>\n\t\t\t<dt class='gallery-icon landscape'>\n\t\t\t\t<a href='\/?attachment_id=2224'><img loading=\"lazy\" decoding=\"async\" width=\"150\" height=\"150\" src=\"\/wp-content\/uploads\/2017\/10\/22711495_1352453778214875_276963879_n1-150x150.jpg\" class=\"attachment-thumbnail size-thumbnail\" alt=\"\" \/><\/a>\n\t\t\t<\/dt><\/dl><dl class='gallery-item'>\n\t\t\t<dt class='gallery-icon landscape'>\n\t\t\t\t<a href='\/?attachment_id=2225'><img loading=\"lazy\" decoding=\"async\" width=\"150\" height=\"150\" src=\"\/wp-content\/uploads\/2017\/10\/22711540_1352453601548226_2007021749_n1-150x150.jpg\" class=\"attachment-thumbnail size-thumbnail\" alt=\"\" \/><\/a>\n\t\t\t<\/dt><\/dl><dl class='gallery-item'>\n\t\t\t<dt class='gallery-icon landscape'>\n\t\t\t\t<a href='\/?attachment_id=2226'><img loading=\"lazy\" decoding=\"async\" width=\"150\" height=\"150\" src=\"\/wp-content\/uploads\/2017\/10\/22711542_1352454084881511_1614226914_n1-150x150.jpg\" class=\"attachment-thumbnail size-thumbnail\" alt=\"\" \/><\/a>\n\t\t\t<\/dt><\/dl><br style=\"clear: both\" \/><dl class='gallery-item'>\n\t\t\t<dt class='gallery-icon landscape'>\n\t\t\t\t<a href='\/?attachment_id=2227'><img loading=\"lazy\" decoding=\"async\" width=\"150\" height=\"150\" src=\"\/wp-content\/uploads\/2017\/10\/22751814_1352925898167663_1924906247_n1-150x150.jpg\" class=\"attachment-thumbnail size-thumbnail\" alt=\"\" \/><\/a>\n\t\t\t<\/dt><\/dl><dl class='gallery-item'>\n\t\t\t<dt class='gallery-icon landscape'>\n\t\t\t\t<a href='\/?attachment_id=2228'><img loading=\"lazy\" decoding=\"async\" width=\"150\" height=\"150\" src=\"\/wp-content\/uploads\/2017\/10\/22751815_1593460764033564_72543470_n1-150x150.jpg\" class=\"attachment-thumbnail size-thumbnail\" alt=\"\" \/><\/a>\n\t\t\t<\/dt><\/dl><dl class='gallery-item'>\n\t\t\t<dt class='gallery-icon landscape'>\n\t\t\t\t<a href='\/?attachment_id=2229'><img loading=\"lazy\" decoding=\"async\" width=\"150\" height=\"150\" src=\"\/wp-content\/uploads\/2017\/10\/22751828_1593460710700236_518184006_n1-150x150.jpg\" class=\"attachment-thumbnail size-thumbnail\" alt=\"\" \/><\/a>\n\t\t\t<\/dt><\/dl><dl class='gallery-item'>\n\t\t\t<dt class='gallery-icon landscape'>\n\t\t\t\t<a href='\/?attachment_id=2230'><img loading=\"lazy\" decoding=\"async\" width=\"150\" height=\"150\" src=\"\/wp-content\/uploads\/2017\/10\/22752012_1352453728214880_1274793097_n1-150x150.jpg\" class=\"attachment-thumbnail size-thumbnail\" alt=\"\" \/><\/a>\n\t\t\t<\/dt><\/dl><br style=\"clear: both\" \/><dl class='gallery-item'>\n\t\t\t<dt class='gallery-icon landscape'>\n\t\t\t\t<a href='\/?attachment_id=2231'><img loading=\"lazy\" decoding=\"async\" width=\"150\" height=\"150\" src=\"\/wp-content\/uploads\/2017\/10\/22752015_1352925838167669_1652015181_n1-150x150.jpg\" class=\"attachment-thumbnail size-thumbnail\" alt=\"\" \/><\/a>\n\t\t\t<\/dt><\/dl><dl class='gallery-item'>\n\t\t\t<dt class='gallery-icon landscape'>\n\t\t\t\t<a href='\/?attachment_id=2232'><img loading=\"lazy\" decoding=\"async\" width=\"150\" height=\"150\" src=\"\/wp-content\/uploads\/2017\/10\/22752070_1352454074881512_982630507_n1-150x150.jpg\" class=\"attachment-thumbnail size-thumbnail\" alt=\"\" \/><\/a>\n\t\t\t<\/dt><\/dl><dl class='gallery-item'>\n\t\t\t<dt class='gallery-icon landscape'>\n\t\t\t\t<a href='\/?attachment_id=2233'><img loading=\"lazy\" decoding=\"async\" width=\"150\" height=\"150\" src=\"\/wp-content\/uploads\/2017\/10\/22752074_1352925891500997_591312254_n1-150x150.jpg\" class=\"attachment-thumbnail size-thumbnail\" alt=\"\" \/><\/a>\n\t\t\t<\/dt><\/dl><dl class='gallery-item'>\n\t\t\t<dt class='gallery-icon landscape'>\n\t\t\t\t<a href='\/?attachment_id=2234'><img loading=\"lazy\" decoding=\"async\" width=\"150\" height=\"150\" src=\"\/wp-content\/uploads\/2017\/10\/22752124_1593461987366775_1248725710_n1-150x150.jpg\" class=\"attachment-thumbnail size-thumbnail\" alt=\"\" \/><\/a>\n\t\t\t<\/dt><\/dl><br style=\"clear: both\" \/><dl class='gallery-item'>\n\t\t\t<dt class='gallery-icon portrait'>\n\t\t\t\t<a href='\/?attachment_id=2235'><img loading=\"lazy\" decoding=\"async\" width=\"150\" height=\"150\" src=\"\/wp-content\/uploads\/2017\/10\/22752465_1593461540700153_505749141_n1-150x150.jpg\" class=\"attachment-thumbnail size-thumbnail\" alt=\"\" \/><\/a>\n\t\t\t<\/dt><\/dl><dl class='gallery-item'>\n\t\t\t<dt class='gallery-icon landscape'>\n\t\t\t\t<a href='\/?attachment_id=2236'><img loading=\"lazy\" decoding=\"async\" width=\"150\" height=\"150\" src=\"\/wp-content\/uploads\/2017\/10\/22752480_1352925841501002_1123926408_n1-150x150.jpg\" class=\"attachment-thumbnail size-thumbnail\" alt=\"\" \/><\/a>\n\t\t\t<\/dt><\/dl><dl class='gallery-item'>\n\t\t\t<dt class='gallery-icon landscape'>\n\t\t\t\t<a href='\/?attachment_id=2237'><img loading=\"lazy\" decoding=\"async\" width=\"150\" height=\"150\" src=\"\/wp-content\/uploads\/2017\/10\/22752538_1352454071548179_1056704576_n1-150x150.jpg\" class=\"attachment-thumbnail size-thumbnail\" alt=\"\" \/><\/a>\n\t\t\t<\/dt><\/dl><dl class='gallery-item'>\n\t\t\t<dt class='gallery-icon landscape'>\n\t\t\t\t<a href='\/?attachment_id=2238'><img loading=\"lazy\" decoding=\"async\" width=\"150\" height=\"150\" src=\"\/wp-content\/uploads\/2017\/10\/22752795_1352925858167667_1777176427_n1-150x150.jpg\" class=\"attachment-thumbnail size-thumbnail\" alt=\"\" \/><\/a>\n\t\t\t<\/dt><\/dl><br style=\"clear: both\" \/><dl class='gallery-item'>\n\t\t\t<dt class='gallery-icon landscape'>\n\t\t\t\t<a href='\/?attachment_id=2239'><img loading=\"lazy\" decoding=\"async\" width=\"150\" height=\"150\" src=\"\/wp-content\/uploads\/2017\/10\/22773344_1352454138214839_1979732880_n1-150x150.jpg\" class=\"attachment-thumbnail size-thumbnail\" alt=\"\" \/><\/a>\n\t\t\t<\/dt><\/dl><dl class='gallery-item'>\n\t\t\t<dt class='gallery-icon portrait'>\n\t\t\t\t<a href='\/?attachment_id=2240'><img loading=\"lazy\" decoding=\"async\" width=\"150\" height=\"150\" src=\"\/wp-content\/uploads\/2017\/10\/22773346_1593462327366741_58410438_n1-150x150.jpg\" class=\"attachment-thumbnail size-thumbnail\" alt=\"\" \/><\/a>\n\t\t\t<\/dt><\/dl><dl class='gallery-item'>\n\t\t\t<dt class='gallery-icon landscape'>\n\t\t\t\t<a href='\/?attachment_id=2241'><img loading=\"lazy\" decoding=\"async\" width=\"150\" height=\"150\" src=\"\/wp-content\/uploads\/2017\/10\/22773465_1593461427366831_2025470068_n1-150x150.jpg\" class=\"attachment-thumbnail size-thumbnail\" alt=\"\" \/><\/a>\n\t\t\t<\/dt><\/dl><dl class='gallery-item'>\n\t\t\t<dt class='gallery-icon portrait'>\n\t\t\t\t<a href='\/?attachment_id=2242'><img loading=\"lazy\" decoding=\"async\" width=\"150\" height=\"150\" src=\"\/wp-content\/uploads\/2017\/10\/22773570_1593460784033562_202687945_n1-150x150.jpg\" class=\"attachment-thumbnail size-thumbnail\" alt=\"\" \/><\/a>\n\t\t\t<\/dt><\/dl><br style=\"clear: both\" \/><dl class='gallery-item'>\n\t\t\t<dt class='gallery-icon landscape'>\n\t\t\t\t<a href='\/?attachment_id=2243'><img loading=\"lazy\" decoding=\"async\" width=\"150\" height=\"150\" src=\"\/wp-content\/uploads\/2017\/10\/22782208_1352453954881524_1158977610_n1-150x150.jpg\" class=\"attachment-thumbnail size-thumbnail\" alt=\"\" \/><\/a>\n\t\t\t<\/dt><\/dl><dl class='gallery-item'>\n\t\t\t<dt class='gallery-icon portrait'>\n\t\t\t\t<a href='\/?attachment_id=2244'><img loading=\"lazy\" decoding=\"async\" width=\"150\" height=\"150\" src=\"\/wp-content\/uploads\/2017\/10\/22811204_1593462027366771_690554833_n1-150x150.jpg\" class=\"attachment-thumbnail size-thumbnail\" alt=\"\" \/><\/a>\n\t\t\t<\/dt><\/dl><dl class='gallery-item'>\n\t\t\t<dt class='gallery-icon portrait'>\n\t\t\t\t<a href='\/?attachment_id=2245'><img loading=\"lazy\" decoding=\"async\" width=\"150\" height=\"150\" src=\"\/wp-content\/uploads\/2017\/10\/22811432_1593461460700161_2031665288_n1-150x150.jpg\" class=\"attachment-thumbnail size-thumbnail\" alt=\"\" \/><\/a>\n\t\t\t<\/dt><\/dl>\n\t\t\t<br style='clear: both' \/>\n\t\t<\/div>\n\n","protected":false},"excerpt":{"rendered":"<p>okt\u00f3ber 20-\u00e1n ker\u00fclt megrendez\u00e9sre a D\u00f3zsa &#8211; Telepi Tagint\u00e9zm\u00e9nyben az \u201e\u00c9jszaka az iskol\u00e1ban\u201d programunk. Ebben az \u00e9vben a Halloween jegy\u00e9ben szervezt\u00fck a feladatokat a k\u00f6zel 50 als\u00f3s di\u00e1kunknak. Kipr\u00f3b\u00e1lt\u00e1k a denev\u00e9rreptet\u00e9st, kark\u00f6t\u0151k k\u00e9sz\u00fcltek, m\u0171sebet is k\u00e9rhettek, csontv\u00e1zat \u00f6lt\u00f6ztettek, szellemlabirintuson \u00e1tverg\u0151dve m\u00e9g egy v\u00e1mp\u00edros t\u00f6kkeres\u00e9sbe is fogtak az este folyam\u00e1n. Boszork\u00e1nyokkal [&hellip;]<\/p>\n","protected":false},"author":1,"featured_media":0,"parent":0,"menu_order":0,"comment_status":"closed","ping_status":"closed","template":"","meta":{"footnotes":""},"class_list":["post-2149","page","type-page","status-publish","hentry"],"_links":{"self":[{"href":"\/index.php?rest_route=\/wp\/v2\/pages\/2149","targetHints":{"allow":["GET"]}}],"collection":[{"href":"\/index.php?rest_route=\/wp\/v2\/pages"}],"about":[{"href":"\/index.php?rest_route=\/wp\/v2\/types\/page"}],"author":[{"embeddable":true,"href":"\/index.php?rest_route=\/wp\/v2\/users\/1"}],"replies":[{"embeddable":true,"href":"\/index.php?rest_route=%2Fwp%2Fv2%2Fcomments&post=2149"}],"version-history":[{"count":1,"href":"\/index.php?rest_route=\/wp\/v2\/pages\/2149\/revisions"}],"predecessor-version":[{"id":2246,"href":"\/index.php?rest_route=\/wp\/v2\/pages\/2149\/revisions\/2246"}],"wp:attachment":[{"href":"\/index.php?rest_route=%2Fwp%2Fv2%2Fmedia&parent=2149"}],"curies":[{"name":"wp","href":"https:\/\/api.w.org\/{rel}","templated":true}]}}